{"id":205,"date":"2021-02-11T22:58:49","date_gmt":"2021-02-11T21:58:49","guid":{"rendered":"http:\/\/asdrain.pl\/?post_type=product&#038;p=205"},"modified":"2022-02-12T22:36:09","modified_gmt":"2022-02-12T21:36:09","slug":"przydomowa-biologiczna-oczyszczalnia-sciekow-soft-sbr","status":"publish","type":"product","link":"https:\/\/asdrain.pl\/index.php\/produkt\/przydomowa-biologiczna-oczyszczalnia-sciekow-soft-sbr\/","title":{"rendered":"Przydomowa biologiczna oczyszczalnia \u015bciek\u00f3w SOFT SBR"},"content":{"rendered":"<p>SOFT SBR pracuje w technologii porcjowego oczyszczania \u015bciek\u00f3w (SBR). Proces oczyszczania sk\u0142adaj\u0105cych si\u0119 z kilku po sobie nast\u0119puj\u0105cych sekwencji kontrolowanych przez komputer steruj\u0105cy, kt\u00f3ry zarz\u0105dza procesem napowietrzania, sedymentacji i flotacji oraz pompowania \u015bciek\u00f3w przez pomp\u0119 mamutow\u0105.<\/p>\n<p><img loading=\"lazy\" decoding=\"async\" class=\"alignnone size-full wp-image-207\" src=\"http:\/\/asdrain.pl\/wp-content\/uploads\/2021\/02\/soft.jpg\" alt=\"\" width=\"937\" height=\"700\" srcset=\"https:\/\/asdrain.pl\/wp-content\/uploads\/2021\/02\/soft.jpg 937w, https:\/\/asdrain.pl\/wp-content\/uploads\/2021\/02\/soft-300x224.jpg 300w, https:\/\/asdrain.pl\/wp-content\/uploads\/2021\/02\/soft-768x574.jpg 768w, https:\/\/asdrain.pl\/wp-content\/uploads\/2021\/02\/soft-600x448.jpg 600w\" sizes=\"(max-width: 937px) 100vw, 937px\" \/><\/p>\n<p>SOFT SBR przeznaczona jest do oczyszczania \u015bciek\u00f3w bytowych. \u015acieki oczyszczone mog\u0105 by\u0107 odprowadzane do \u015brodowiska<\/p>\n<p>\u0141\u0105czy w sobie dwie technologi\u0119 to jest: rozwi\u0105zania stosowane w oczyszczalniach typu przep\u0142ywowego oraz system sekwencyjnego oczyszczania jaki jest w oczyszczalniach SBR. Oczyszczalnia jest zaprojektowana do oczyszczania \u015bciek\u00f3w w spos\u00f3b sekwencyjny, poprzez kombinacje nitryfikacji i denitryfikacji<\/p>\n<p>Unikatowa konstrukcja zbiornika zapewnia bardzo du\u017c\u0105 wytrzyma\u0142o\u015bci\u0105 na \u015bciskanie dzi\u0119ki specjalnej konstrukcji i g\u0119stemu o\u017cebrowaniu<\/p>\n<p>Poj zbiornika 2000L &#8211; RLM dla 2-4 os\u00f3b<\/p>\n<p>Oczyszczalnia posiada oznakowanie CE<\/p>\n<p>10 lat gwarancji na zbiornik i 2 lat na wyposa\u017cenie<\/p>\n","protected":false},"excerpt":{"rendered":"<p>Biologiczna oczyszczalnia \u015bciek\u00f3w SOFT SBR w\/g normy PN-EN 12566-3:2005+A2:2013<\/p>\n<p>Zaprojektowana i wykonana z my\u015bl\u0105 o wysokich wymaganiach u\u017cytkowych.<\/p>\n<p>Oczyszczalnia SOFT SBR produkcji METRIA przeznaczona do oczyszczania \u015bciek\u00f3w bytowo-gospodarczych, na ka\u017cde warunki gruntowo-wodne.<\/p>\n<p>SOFT SBR to mechaniczno-biologiczne, oczyszczalnie \u015bciek\u00f3w, dzia\u0142aj\u0105ce na zasadzie osadu czynnego.<\/p>\n","protected":false},"featured_media":206,"comment_status":"open","ping_status":"closed","template":"","meta":[],"_links":{"self":[{"href":"https:\/\/asdrain.pl\/index.php\/wp-json\/wp\/v2\/product\/205"}],"collection":[{"href":"https:\/\/asdrain.pl\/index.php\/wp-json\/wp\/v2\/product"}],"about":[{"href":"https:\/\/asdrain.pl\/index.php\/wp-json\/wp\/v2\/types\/product"}],"replies":[{"embeddable":true,"href":"https:\/\/asdrain.pl\/index.php\/wp-json\/wp\/v2\/comments?post=205"}],"wp:featuredmedia":[{"embeddable":true,"href":"https:\/\/asdrain.pl\/index.php\/wp-json\/wp\/v2\/media\/206"}],"wp:attachment":[{"href":"https:\/\/asdrain.pl\/index.php\/wp-json\/wp\/v2\/media?parent=205"}],"curies":[{"name":"wp","href":"https:\/\/api.w.org\/{rel}","templated":true}]}}