{"id":147,"date":"2017-02-06T20:05:55","date_gmt":"2017-02-06T19:05:55","guid":{"rendered":"http:\/\/asdrain.pl\/?post_type=product&#038;p=147"},"modified":"2023-05-17T11:21:48","modified_gmt":"2023-05-17T09:21:48","slug":"oczyszczalnia-sciekow-biologiczna-biodisc-ba","status":"publish","type":"product","link":"https:\/\/asdrain.pl\/index.php\/produkt\/oczyszczalnia-sciekow-biologiczna-biodisc-ba\/","title":{"rendered":"Oczyszczalnia \u015bciek\u00f3w biologiczna Biodisc BA dla 6-8 os\u00f3b"},"content":{"rendered":"<p><strong>Estetyka<\/strong> \u2013 przydomowa oczyszczalnia zajmuje niewiele miejsca (np. w ogrodzie), a pokrywa w kolorze zielonym idealnie komponuje si\u0119 z otaczaj\u0105c\u0105 ro\u015blinno\u015bci\u0105 lub trawnikiem.<\/p>\n<p><strong>Ekonomiczno\u015b\u0107<\/strong> \u2013 kompaktowa oczyszczalnia BioDisc\u00ae jest \u0142atwa w transporcie i monta\u017cu, nie wymaga ci\u0119\u017ckiego sprz\u0119tu do posadowienia w wykopie. Praca oczyszczalni jest bezg\u0142o\u015bna, nie generuje uci\u0105\u017cliwych zapach\u00f3w, a tak\u017ce wymaga minimum czynno\u015bci serwisowych (usuwanie osad\u00f3w raz na p\u00f3\u0142 roku). Zu\u017cycie energii elektrycznej przez BioDisc\u00ae BA r\u00f3wne jest 1,3 kWh\/d. Technologia obrotowego z\u0142o\u017ca tarczowego minimalizuje produkcj\u0119 osadu nadmiernego (wyw\u00f3z osad\u00f3w raz na 6 miesi\u0119cy).<\/p>\n<p><strong>Bezpiecze\u0144stwo i higiena<\/strong> \u2013 oczyszczalnie BioDisc\u00ae spe\u0142niaj\u0105 norm\u0119 PN-EN 12566-3+A1:2009 (obowi\u0105zuj\u0105ca norma zharmonizowana dla ma\u0142ych oczyszczalni \u015bciek\u00f3w) oraz posiadaj\u0105 znak CE.<\/p>\n<p><strong>Trwa\u0142o\u015b\u0107<\/strong> \u2013 zbiornik wykonany z kompozytu GRP (\u017cywice poliestrowe wzmacniane w\u0142\u00f3knem szklanym), tworzywa mocnego, lekkiego, odpornego na szereg substancji chemicznych, a co najwa\u017cniejsze \u2013 wodoszczelnego.<\/p>\n<p>Oczyszczalnia przydomowa&nbsp;BioDisc\u00ae&nbsp;spe\u0142nia warunki&nbsp;umo\u017cliwiaj\u0105ce otrzymanie dotacji z NFO\u015aiGW,&nbsp;projekt jest realizowany za po\u015brednictwem jednostek samorz\u0105du terytorialnego (gmin).<\/p>\n","protected":false},"excerpt":{"rendered":"<h4>Biodisc \u00a0jest to kompaktowa mechaniczno-biologiczna\u00a0oczyszczalnia \u015bciek\u00f3w bytowo-gospodarczych przeznaczona\u00a0do instalacji jako indywidualny system oczyszczania \u015bciek\u00f3w (oczyszczalnie przydomowe) oraz wsz\u0119dzie tam, gdzie odprowadzanie \u015bciek\u00f3w do kanalizacji jest niemo\u017cliwe albo ekonomicznie nieuzasadnione.<\/h4>\n","protected":false},"featured_media":148,"comment_status":"open","ping_status":"closed","template":"","meta":[],"_links":{"self":[{"href":"https:\/\/asdrain.pl\/index.php\/wp-json\/wp\/v2\/product\/147"}],"collection":[{"href":"https:\/\/asdrain.pl\/index.php\/wp-json\/wp\/v2\/product"}],"about":[{"href":"https:\/\/asdrain.pl\/index.php\/wp-json\/wp\/v2\/types\/product"}],"replies":[{"embeddable":true,"href":"https:\/\/asdrain.pl\/index.php\/wp-json\/wp\/v2\/comments?post=147"}],"wp:featuredmedia":[{"embeddable":true,"href":"https:\/\/asdrain.pl\/index.php\/wp-json\/wp\/v2\/media\/148"}],"wp:attachment":[{"href":"https:\/\/asdrain.pl\/index.php\/wp-json\/wp\/v2\/media?parent=147"}],"curies":[{"name":"wp","href":"https:\/\/api.w.org\/{rel}","templated":true}]}}