{"id":195,"date":"2021-02-11T22:23:29","date_gmt":"2021-02-11T21:23:29","guid":{"rendered":"http:\/\/asdrain.pl\/?page_id=195"},"modified":"2021-02-11T22:25:28","modified_gmt":"2021-02-11T21:25:28","slug":"budowa-oczyszczalni-sciekow-sbr-4-6-borkowo","status":"publish","type":"page","link":"https:\/\/asdrain.pl\/index.php\/budowa-oczyszczalni-sciekow-sbr-4-6-borkowo\/","title":{"rendered":"Budowa oczyszczalni \u015bciek\u00f3w SBR 4-6 Borkowo"},"content":{"rendered":"<div id='gallery-1' class='gallery galleryid-195 gallery-columns-3 gallery-size-thumbnail'><figure class='gallery-item'>\n\t\t\t<div class='gallery-icon landscape'>\n\t\t\t\t<a href='https:\/\/asdrain.pl\/index.php\/budowa-oczyszczalni-sciekow-sbr-4-6-borkowo\/ea-borkowo\/'><img loading=\"lazy\" decoding=\"async\" width=\"150\" height=\"150\" src=\"https:\/\/asdrain.pl\/wp-content\/uploads\/2021\/02\/EA-Borkowo-150x150.jpg\" class=\"attachment-thumbnail size-thumbnail\" alt=\"\" aria-describedby=\"gallery-1-196\" srcset=\"https:\/\/asdrain.pl\/wp-content\/uploads\/2021\/02\/EA-Borkowo-150x150.jpg 150w, https:\/\/asdrain.pl\/wp-content\/uploads\/2021\/02\/EA-Borkowo-350x350.jpg 350w, https:\/\/asdrain.pl\/wp-content\/uploads\/2021\/02\/EA-Borkowo-300x300.jpg 300w, https:\/\/asdrain.pl\/wp-content\/uploads\/2021\/02\/EA-Borkowo-100x100.jpg 100w\" sizes=\"(max-width: 150px) 100vw, 150px\" \/><\/a>\n\t\t\t<\/div>\n\t\t\t\t<figcaption class='wp-caption-text gallery-caption' id='gallery-1-196'>\n\t\t\t\tOczyszczalnia \u015bciek\u00f3w SBR 4-6\n\t\t\t\t<\/figcaption><\/figure><figure class='gallery-item'>\n\t\t\t<div class='gallery-icon portrait'>\n\t\t\t\t<a href='https:\/\/asdrain.pl\/index.php\/budowa-oczyszczalni-sciekow-sbr-4-6-borkowo\/ea-borkowo2\/'><img loading=\"lazy\" decoding=\"async\" width=\"150\" height=\"150\" src=\"https:\/\/asdrain.pl\/wp-content\/uploads\/2021\/02\/EA-Borkowo2-150x150.jpg\" class=\"attachment-thumbnail size-thumbnail\" alt=\"\" aria-describedby=\"gallery-1-197\" srcset=\"https:\/\/asdrain.pl\/wp-content\/uploads\/2021\/02\/EA-Borkowo2-150x150.jpg 150w, https:\/\/asdrain.pl\/wp-content\/uploads\/2021\/02\/EA-Borkowo2-350x350.jpg 350w, https:\/\/asdrain.pl\/wp-content\/uploads\/2021\/02\/EA-Borkowo2-300x300.jpg 300w, https:\/\/asdrain.pl\/wp-content\/uploads\/2021\/02\/EA-Borkowo2-100x100.jpg 100w\" sizes=\"(max-width: 150px) 100vw, 150px\" \/><\/a>\n\t\t\t<\/div>\n\t\t\t\t<figcaption class='wp-caption-text gallery-caption' id='gallery-1-197'>\n\t\t\t\tOczyszczalnia \u015bciek\u00f3w SBR 4-6 Borkowo\n\t\t\t\t<\/figcaption><\/figure><figure class='gallery-item'>\n\t\t\t<div class='gallery-icon landscape'>\n\t\t\t\t<a href='https:\/\/asdrain.pl\/index.php\/budowa-oczyszczalni-sciekow-sbr-4-6-borkowo\/ea-borkowo3\/'><img loading=\"lazy\" decoding=\"async\" width=\"150\" height=\"150\" src=\"https:\/\/asdrain.pl\/wp-content\/uploads\/2021\/02\/EA-Borkowo3-150x150.jpg\" class=\"attachment-thumbnail size-thumbnail\" alt=\"\" aria-describedby=\"gallery-1-198\" srcset=\"https:\/\/asdrain.pl\/wp-content\/uploads\/2021\/02\/EA-Borkowo3-150x150.jpg 150w, https:\/\/asdrain.pl\/wp-content\/uploads\/2021\/02\/EA-Borkowo3-350x350.jpg 350w, https:\/\/asdrain.pl\/wp-content\/uploads\/2021\/02\/EA-Borkowo3-300x300.jpg 300w, https:\/\/asdrain.pl\/wp-content\/uploads\/2021\/02\/EA-Borkowo3-100x100.jpg 100w\" sizes=\"(max-width: 150px) 100vw, 150px\" \/><\/a>\n\t\t\t<\/div>\n\t\t\t\t<figcaption class='wp-caption-text gallery-caption' id='gallery-1-198'>\n\t\t\t\tOczyszczalnia \u015bciek\u00f3w SBR 4-6 \u017bukowo\n\t\t\t\t<\/figcaption><\/figure>\n\t\t<\/div>\n\n","protected":false},"excerpt":{"rendered":"","protected":false},"author":1,"featured_media":0,"parent":0,"menu_order":0,"comment_status":"closed","ping_status":"closed","template":"","meta":{"footnotes":""},"_links":{"self":[{"href":"https:\/\/asdrain.pl\/index.php\/wp-json\/wp\/v2\/pages\/195"}],"collection":[{"href":"https:\/\/asdrain.pl\/index.php\/wp-json\/wp\/v2\/pages"}],"about":[{"href":"https:\/\/asdrain.pl\/index.php\/wp-json\/wp\/v2\/types\/page"}],"author":[{"embeddable":true,"href":"https:\/\/asdrain.pl\/index.php\/wp-json\/wp\/v2\/users\/1"}],"replies":[{"embeddable":true,"href":"https:\/\/asdrain.pl\/index.php\/wp-json\/wp\/v2\/comments?post=195"}],"version-history":[{"count":1,"href":"https:\/\/asdrain.pl\/index.php\/wp-json\/wp\/v2\/pages\/195\/revisions"}],"predecessor-version":[{"id":199,"href":"https:\/\/asdrain.pl\/index.php\/wp-json\/wp\/v2\/pages\/195\/revisions\/199"}],"wp:attachment":[{"href":"https:\/\/asdrain.pl\/index.php\/wp-json\/wp\/v2\/media?parent=195"}],"curies":[{"name":"wp","href":"https:\/\/api.w.org\/{rel}","templated":true}]}}